4723.
1821
What is the greatest common factor of 1271 and 1488?
31
What is the highest common divisor of 1 and 24456?
1
Calculate the greatest common divisor of 1686015 and 5175.
1035
Calculate the highest common divisor of 9 and 630918.
9
Calculate the greatest common factor of 2928 and 14016.
48
What is the highest common divisor of 1225 and 4575?
25
Calculate the highest common divisor of 119930 and 335.
335
Calculate the greatest common factor of 12 and 134814.
6
Calculate the greatest common divisor of 34929 and 144.
9
Calculate the highest common divisor of 6273 and 108.
9
What is the greatest common factor of 606 and 186?
6
Calculate the highest common factor of 5634 and 720.
18
Calculate the greatest common divisor of 6546161 and 307.
307
What is the greatest common factor of 1971 and 207?
9
What is the greatest common divisor of 315695 and 1545?
515
Calculate the greatest common factor of 1665 and 3435.
15
What is the highest common factor of 273 and 191373?
273
Calculate the greatest common divisor of 8 and 29916.
4
Calculate the highest common divisor of 1050 and 739500.
150
What is the highest common factor of 147966 and 78?
78
What is the greatest common divisor of 111 and 17168?
37
What is the highest common factor of 4455 and 3355?
55
Calculate the greatest common factor of 903 and 26789.
301
Calculate the highest common factor of 93548 and 728.
364
What is the highest common divisor of 169606 and 3288?
274
Calculate the highest common factor of 640 and 2108160.
640
Calculate the greatest common divisor of 1156 and 59245.
289
What is the greatest common divisor of 4530 and 3210?
30
What is the highest common divisor of 3374171 and 1231?
1231
Calculate the greatest common divisor of 776612 and 496.
124
What is the greatest common factor of 540 and 6340?
20
What is the highest common factor of 3888 and 656?
16
Calculate the greatest common factor of 994338 and 3330.
666
Calculate the highest common factor of 363 and 193600.
121
Calculate the greatest common factor of 5837908 and 164.
164
Calculate the highest common factor of 9272 and 127832.
152
What is the highest common divisor of 42548 and 176?
44
Calculate the highest common divisor of 1196748 and 378.
378
Calculate the highest common factor of 209 and 6593.
19
What is the highest common factor of 15703 and 861?
41
What is the highest common factor of 82768 and 2296?
56
What is the greatest common divisor of 290184 and 4407?
339
What is the highest common divisor of 91638 and 12?
6
Calculate the highest common factor of 412370 and 1290.
430
What is the greatest common factor of 1100 and 63580?
220
What is the highest common divisor of 1054 and 61982?
34
What is the highest common factor of 23270 and 325?
65
Calculate the greatest common factor of 101777 and 13.
13
What is the greatest common factor of 54 and 133542?
54
Calculate the highest common divisor of 1 and 8669.
1
What is the greatest common divisor of 8712 and 900?
36
Calculate the greatest common divisor of 637 and 6890.
13
Calculate the greatest common factor of 3591 and 3654.
63
What is the highest common factor of 63 and 45?
9
What is the greatest common divisor of 210 and 7530?
30
Calculate the highest common divisor of 5673 and 36.
3
Calculate the highest common factor of 342 and 306.
18
Calculate the highest common divisor of 1238539 and 197.
197
What is the highest common divisor of 6183 and 621?
27
Calculate the greatest common divisor of 33 and 115467.
33
Calculate the greatest common divisor of 374 and 3652.
22
What is the highest common factor of 128 and 181648?
16
Calculate the greatest common factor of 253 and 19596.
23
What is the greatest common factor of 124393 and 57?
19
What is the greatest common divisor of 626 and 125513?
313
What is the highest common divisor of 2071824 and 2040?
408
Calculate the greatest common divisor of 15709 and 47288.
23
Calculate the greatest common factor of 358980 and 1340.
20
What is the greatest common divisor of 8386 and 266?
14
What is the highest common factor of 76672 and 512?
128
Calculate the greatest common factor of 6492 and 3071798.
1082
Calculate the highest common factor of 377065 and 143.
13
What is the greatest common factor of 13497 and 165?
33
What is the highest common divisor of 28 and 593404?
28
What is the highest common factor of 8200 and 10?
10
What is the highest common divisor of 174 and 12?
6
Calculate the highest common factor of 95 and 779.
19
Calculate the greatest common divisor of 9899179 and 29.
29
Calculate the highest common divisor of 4680 and 765.
45
Calculate the greatest common divisor of 1708 and 2013.
61
Calculate the greatest common factor of 95368 and 338.
26
Calculate the highest common divisor of 217282 and 122.
122
Calculate the highest common factor of 3917352 and 24.
24
What is the highest common factor of 304 and 60838?
38
What is the greatest common divisor of 549 and 2013183?
549
What is the greatest common divisor of 15770 and 5890?
190
What is the greatest common divisor of 16199 and 2619?
97
What is the highest common divisor of 12078 and 56974?
122
Calculate the greatest common factor of 476 and 27902.
14
What is the greatest common factor of 24015 and 75?
15
What is the greatest common factor of 160 and 44110?
10
Calculate the greatest common divisor of 2998 and 122.
2
Calculate the highest common divisor of 11 and 9919635.
11
Calculate the greatest common factor of 2951620 and 20.
20
Calculate the highest common divisor of 15024 and 2928.
48
Calculate the greatest common factor of 10789 and 16.
1
What is the greatest common divisor of 3708 and 324?
36
Calculate the highest common factor of 1113 and 38213.
371
What is the highest common divisor of 112797 and 302?
151
What is the highest common factor of 1020 and 9741?
51
What is the greatest common factor of 247 and 7733?
19
What is the greatest common factor of 9585 and 1080?
135
Calculate the greatest common divisor of 45461 and 2152.
269
Calculate the highest common factor of 1160 and 37530.
10
What is the greatest common divisor of 576 and 306?
18
What is the highest common divisor of 7896 and 984744?
1128
Calculate the greatest common divisor of 188 and 402508.
188
What is the greatest common divisor of 455 and 4814082?
91
What is the highest common divisor of 13 and 7146763?
13
What is the highest common factor of 9835 and 526875?
1405
Calculate the greatest common divisor of 30 and 33942.
6
What is the greatest common factor of 2 and 2193962?
2
What is the highest common divisor of 7011029 and 59?
59
What is the highest common factor of 1459 and 191129?
1459
What is the greatest common divisor of 3663 and 12321?
333
Calculate the greatest common divisor of 2002 and 201110.
182
What is the greatest common factor of 252 and 48699?
63
What is the greatest common factor of 176315 and 2167?
197
What is the greatest common divisor of 6060 and 3000?
60
Calculate the highest common divisor of 696 and 70976.
8
What is the greatest common factor of 1109038 and 518?
518
Calculate the greatest common factor of 392 and 322126.
98
What is the greatest common divisor of 8432 and 52?
4
Calculate the highest common divisor of 13061 and 80131.
353
What is the greatest common divisor of 58 and 562513?
29
Calculate the highest common divisor of 39216 and 304.
304
What is the greatest common factor of 115794 and 525?
21
Calculate the greatest common divisor of 944 and 3056.
16
What is the greatest common divisor of 758642 and 68?
34
Calculate the greatest common divisor of 984 and 19926.
246
What is the greatest common factor of 1370 and 11782?
274
What is the highest common factor of 24 and 384396?
12
What is the highest common factor of 77090 and 6523?
593
What is the greatest common factor of 21463 and 2197?
169
What is the highest common factor of 14 and 84098?
14
What is the highest common divisor of 51940 and 91?
7
Calculate the highest common factor of 403 and 4526.
31
What is the highest common factor of 6257365 and 285?
95
Calculate the highest common factor of 8313 and 6.
3
Calculate the highest common divisor of 166731 and 3576.
447
What is the highest common factor of 484 and 676632?
484
Calculate the highest common divisor of 403265 and 4720.
295
What is the hig